er?
False
Suppose -215*g + 11914487 = -23301008. Is g a composite number?
True
Let t = 1540 - 4259. Let i = -1637 - t. Is i a prime number?
False
Is 0 + 1 + (21572 - 326) a prime number?
True
Let t be ((-72009)/(-6))/(-9)*(-4)/6. Suppose 9*y = 16*y - t. Is y composite?
False
Let o = 43 - 41. Let r be (2/8)/(o/8) - -710. Suppose 7*a + r = 10*a. Is a a composite number?
True
Let w(u) = 2*u**2 + 11*u + 12. Let d be w(-6). Let r be (96/d)/((-4)/(-6)). Is (3/(12/(-2294)))/((-4)/r) composite?
True
Let g(a) = -3693*a + 131. Let k(d) = -d + 4. Let q be k(8). Is g(q) prime?
False
Suppose -36*v - 42*v + 23596809 = 51*v. Is v prime?
True
Let p(i) = 1489*i - 162. Let q(d) = -2*d**3 - 13*d**2 + 41*d - 31. Let h be q(-9). Is p(h) a prime number?
True
Suppose 5*v - 645 = 365. Let t = v + 961. Is t prime?
True
Suppose -44 + 214 = 17*v. Suppose -282524 = -32*i + v*i. Is i prime?
False
Suppose -9 = 4*a - 5*b, b + 4*b = -3*a + 37. Suppose 3*l - 3 = -a*n + 24, 14 = l + 3*n. Suppose 448 = 3*z - y, 0 = 3*z - 6*z + l*y + 452. Is z prime?
True
Let l(o) = -2676*o - 3857. Is l(-43) prime?
True
Let n(f) = -13*f**3 - 3*f**2 - 4*f - 1. Let u be n(-1). Suppose 0 = 20*l - u*l - 17353. Is l composite?
True
Let v = -437914 + 995501. Is v a prime number?
False
Suppose t - w - 119519 = 0, -26063 + 265099 = 2*t - w. Is t a prime number?
False
Is ((-42)/(-70))/((5/227575)/1) a prime number?
False
Let b = 992438 + -637689. Is b prime?
False
Suppose 5*n = -4*p + 265, -3*n + 5*p = -42 - 117. Suppose -n*z - 8440 = -61*z. Is z a composite number?
True
Let l = 77153 - 14982. Is l prime?
True
Suppose -176*a = 48*a - 19288864. Is a a prime number?
True
Let f(k) = k**3 + 10*k**2 + k + 2. Let u be f(-7). Suppose 1896 = -38*r + 42*r + 2*c, 0 = 5*c - 10. Let o = r - u. Is o a composite number?
False
Is -3 + -1 + (-840)/(-200) + 46705896/45 composite?
True
Suppose 0 = 24*k - 93046 - 269522. Is k a composite number?
False
Suppose 4*m - 82787 + 2225 = -5*w, 3*w = -6. Is m a composite number?
False
Suppose -2*a - 4*s = -54310, 5*a - 39395 - 96338 = 4*s. Is a composite?
True
Let u(q) = 13548*q**2 + 53*q + 195. Is u(-4) composite?
False
Suppose 8*a - 4*a - 28 = 0. Let t(v) = 0*v + 35*v**2 - 5 + 0*v + a. Is t(-3) a composite number?
False
Suppose 2*b + 22 = 2*q + 6*b, 0 = 3*q - 4*b - 3. Suppose 244*i - 381 = 107. Suppose -2*a + 20715 = q*m, -5*a + 16579 = 4*m - i*a. Is m prime?
False
Let x(u) = -2*u**3 - 77*u**2 - 187*u - 1445. Is x(-71) a prime number?
False
Let f(j) = 6*j - 162. Let q be f(27). Suppose 37*r - 39*r + 7198 = q. Is r a composite number?
True
Let v(d) = 61*d**2 - 21*d - 6833. Is v(-80) prime?
False
Let c be ((-35739)/38)/(9/(-20892)). Is c/154 - 2/(-7) a composite number?
False
Let a(x) = -1164*x**3 - x**2 - 13*x - 41. Is a(-3) a prime number?
False
Is 0 - ((-14)/(-21) - 0) - 8955410/(-30) composite?
False
Let h = 76454 + -2907. Is h a composite number?
False
Suppose 426*n - 24253443 - 24655191 = 0. Is n a composite number?
False
Suppose 3*q + 12 = -2*i - 2, -4*i + q = 0. Let d be (-2 + 1 - i) + 0/(-7). Suppose -v - 552 + 3085 = d. Is v composite?
True
Let c(u) = -822*u**2 + 4*u + 4. Let f be c(4). Let k = -7625 - f. Is k composite?
False
Let n = 13 + -3. Let a(f) = -f**2 + 10*f - 3. Let w be a(n). Let i(y) = -4*y**3 + 3*y + 7. Is i(w) prime?
False
Suppose 16*j - 2763590 = -526582. Is j a prime number?
True
Let d(c) = -c**2 + 7*c + 3. Let g be d(-1). Let y(u) = -361*u + 60. Is y(g) composite?
True
Let v be ((-4)/6)/((-6)/1413). Is v*((-136)/(-6) + (-11)/(-33)) a composite number?
True
Let s(f) = f - 3. Let n be s(4). Let t = -205 + 201. Is 56 + t/4*n a prime number?
False
Let r(z) = -6*z + 2*z + 60 - 97 - 76*z**2. Let v be r(-11). Let s = -5134 - v. Is s prime?
False
Let l(y) = -4*y**2 - 2*y + 2. Let b be l(-2). Let q be 2/(-5) + (-5354)/b. Suppose 0 = 8*g - 385 - q. Is g a prime number?
False
Suppose 21*h + 3*c = 14*h + 921691, -4*c + 131663 = h. Is h a prime number?
True
Is (2 + 42/(-12))/(((-15)/2818598)/5) a prime number?
True
Suppose -2*o - 2603453 + 2195924 = -6449663. Is o a prime number?
False
Let g(x) = 1060*x**2 + 3*x + 4. Suppose 22 = 3*m + 25. Is g(m) a prime number?
True
Let c be 12/2 - (3286 - -1). Let t = c - -7840. Is t prime?
False
Suppose 0 = 3*x + 2*n - 31, 5*n - n + 16 = 0. Suppose 63728 - 293581 = -x*q. Is q a composite number?
False
Let s be (-88)/(-33)*27/12. Let a(w) = -2*w**2 - w + 7. Let c(y) = -y**2 + y + 1. Let d(j) = -a(j) - 2*c(j). Is d(s) prime?
False
Let q be ((-7474)/(-8))/((6/(-6))/4). Let f = -1870 - q. Is f a composite number?
False
Is (-807544)/(-40) + -7 + 16/40 prime?
False
Let g(f) = -f**2 + 17*f - 11. Let p = -50 + 74. Let c be 4/p + 118/12. Is g(c) a prime number?
True
Let z = -62 + 15789. Is z prime?
True
Let b = -95 + 51. Let t = b + 52. Suppose 8813 = -i + t*i. Is i a composite number?
False
Suppose -4*u + 348676 = 5*n, -4*u = n + 23919 - 372627. Is u prime?
True
Suppose 10*z - 24 = 2*z. Suppose 3*x = -z*u + 399, -406 - 245 = -5*u + 2*x. Is u prime?
True
Let g(y) = -6*y - 6. Let z be g(0). Let t(d) = -1212*d + 1. Is t(z) a composite number?
True
Let g(i) = 150056*i + 853. Is g(3) composite?
True
Suppose 4*i + 23840 = 4*a, 4*a - 21658 = -3*i + 2203. Suppose 4*g - a = -w, 4*w - 6*w + 11962 = -g. Is w composite?
True
Let u(o) = 17*o**3 + 26*o**3 - 21*o**2 - 30 - 51*o - 44*o**3. Is u(-21) composite?
True
Suppose h - w - 750 = -2632, -4*h - 7507 = 3*w. Let d = 3740 + h. Is d prime?
True
Let d(u) = -2*u**2 - u + 15. Let l be d(0). Suppose 30*c - l*c = 258345. Is c a prime number?
False
Let a = -80620 + 129723. Is a composite?
False
Let j = 146332 - 102479. Is j composite?
False
Suppose -o - i = -4*i + 100, 0 = -2*o + i - 220. Let l = 440 + o. Suppose w - 4*a - l = 339, -4*w + a + 2713 = 0. Is w a composite number?
True
Suppose -4*m = -0*m. Let g(a) = 2*a + 7. Let b be g(m). Suppose -12*s + 915 = -b*s. Is s prime?
False
Suppose 22 = 4*t - 2*l, 3*t - 2*l - 19 = -2. Suppose 3*w = -6, 6*m - t*m - 3*w = 3049. Is m prime?
False
Let s(c) = 271770*c - 155. Is s(2) composite?
True
Suppose 20896 = 4*o - 4*q, 99*q - 96*q = -2*o + 10463. Is o composite?
False
Suppose 9*c + 3*q - 78 = 5*c, -c + 4*q + 29 = 0. Suppose -1228 = -c*f + 1775. Is f prime?
False
Let d(y) = 5*y**3 - 4*y**2 + 229*y + 315. Is d(46) a prime number?
False
Let b = 9065 - 4968. Let y = b + -828. Is y composite?
True
Let l = 486 - 486. Is (14 - l/4)/(4/194) prime?
False
Suppose 34*l + 47050653 = 73*l. Is l a prime number?
False
Suppose 12 = -306*m + 303*m, 414835 = 3*k - m. Is k prime?
False
Is ((-11)/(-5))/((6 + 7)/1604915) prime?
False
Let q = 25 + -14. Suppose -q*t = -4272 - 3329. Is t composite?
False
Let y(v) be the second derivative of v**5/20 - 7*v**4/4 - 71*v**3/6 + 93*v**2/2 + 2*v + 11. Is y(28) a prime number?
True
Suppose 3*o + 158*y - 153*y - 1835124 = 0, 4*o - 2*y - 2446754 = 0. Is o a composite number?
False
Suppose -4 = 3*x + t + 108, 5*t = 2*x + 69. Let d = 40 + x. Suppose -183 - 161 = -4*f - 4*j, 3*j + 288 = d*f. Is f prime?
False
Suppose -40*i - 12*i + 4176456 = -6588220. Is i composite?
False
Let g = -196387 + 278204. Is g composite?
False
Let v = 73 + -45. Is 7/v*(-2 - -2086) a composite number?
False
Let m(d) = d - 13. Let x be m(15). Let t(h) = 15*h + 2 + 3 - 2 - x. Is t(6) a prime number?
False
Suppose -4*l - s = -194, -l + 141 = 2*l + 3*s. Suppose -4*z = 2*g - 1906, -z = -l + 47. Is g a composite number?
True
Suppose 0*v - v - 4 = 0, 5*c + 3*v = -3562. Let p(o) = 1135*o - 1. Let m be p(-2). Let r = c - m. Is r composite?
True
Suppose -10*n - 2311 = -24171. Let o be -1*(-3*5 - -2). Suppose 11347 = o*d - n. Is d composite?
True
Suppose -4*p + 16901 = 5917. Suppose 3*s + 319 = p. Is s prime?
True
Let d(u) be the first derivative of 1/3*u**3 + 2*u - 12 + 2*u**2. Is d(9) prime?
False
Let m(l) = 123*l**2 - 9. Let f be 182/65 + -1*(-2)/10. Let r be m(f). Let i = r - -637. Is i prime?
False
Suppose 3*j = -3*o + 847206, -7*o - 3*j = -9*o + 564829. Is o prime?
True
Let o(z) = -149*z + 233*z**3 - 150*z - 4 + 291*z + 6*z**2. Is o(3) composite?
False
Let k = -29 - -34. Suppose -k*b - 18 = -3. Is -4 - (-302 + b - 2) a prime number?
False
Let g(h) = 162*h**2 + 284*h + 67. Is g(21) a prime number?
False
Let j(s) = 15654*s**2 + 31*s - 61. Is j(2) a composite number?
False
Suppos